 z?
2
Let l = 5546 - 3699. What is the units digit of l?
7
What is the units digit of (1 + 776/3)/((-85)/(-255))?
9
Let l = -51 + 53. Suppose -c = -6*c + 35. Suppose y + l = c. What is the units digit of y?
5
Let x = 65 - 166. Let j = x + 336. What is the tens digit of j?
3
Let v(s) = s + 35. Let h(y) = -2*y**2 + 4*y + 8. Let k be h(-2). What is the tens digit of v(k)?
2
Let y(s) = 116*s + 1. Let u be y(4). Suppose -2*o - a + 231 = 0, o - 3*a = 5*o - u. What is the tens digit of o?
1
Let u = 578 + -316. What is the tens digit of u?
6
Let c = -8 - -8. Suppose c = 4*q - 3*q - 80. What is the tens digit of q?
8
Suppose 0 = -4*v + v - 138. Let j = 81 + v. What is the units digit of j?
5
Let l(b) = 11*b**2 - 4*b + 5. Let a be l(2). What is the units digit of 1*(a + -7 + 3)?
7
Suppose -2*k - 5*o = 25, 27 = 4*k - 4*o + 7. Let z be 18 - (2 + -2 - k). Suppose -2*r + 7*r - 2 = v, z = v + 5*r. What is the units digit of v?
8
Let f be ((-34)/(-5))/(3/60). Suppose -4*t - f + 328 = 0. What is the tens digit of t?
4
What is the tens digit of (-21126)/168*(-24 + (2 - 2))?
1
Suppose -77 - 47 = -2*k. Suppose -j = -5*f - k + 15, 4 = 2*f. What is the units digit of j?
7
Let b be 3/(12/64)*-2. Let n = 65 + b. What is the tens digit of n?
3
Let a = 511 + -853. What is the units digit of (16/(-48))/(2/a)?
7
Let u(l) = l**3 - 7*l**2 + 3*l - 10. Let m = -6 + 5. Let k be m/7 + 150/21. What is the tens digit of u(k)?
1
Suppose 1177 = 6*o - 3461. What is the units digit of o?
3
Let u(p) = p**3 + 5*p**2 + 4*p + 2. Let d be u(-4). Suppose w - 58 = -2*b + 40, -172 = -d*w + 2*b. Let f = 127 - w. What is the tens digit of f?
3
Let s = 33 - -1. Let g = -37 + s. What is the units digit of 2/((-10)/(-265)) - g?
6
Suppose -8*r + 4*r = -8. Let g(d) = 0*d - 5 - 13*d**2 + 14*d**r - 3*d. What is the tens digit of g(7)?
2
Suppose 36 = 3*l - 0*v - 3*v, 24 = l + 2*v. What is the tens digit of l?
1
Suppose -5*s = -3*c - 1 + 7, 0 = -c + 4*s + 9. Let a(t) = -t**2 + t. Let m(i) = 8*i**2 - 4*i - 4. Let n(j) = 5*a(j) + m(j). What is the tens digit of n(c)?
2
Let f(n) = n**3 - n**2 - 6*n - 4. Suppose -4*b = 3*a - 8*a - 48, -b = 3. Let j = 17 + a. What is the tens digit of f(j)?
6
Let x(o) be the first derivative of -2*o + 2*o**2 - 7*o - o**2 + 4. What is the units digit of x(6)?
3
Let w be (-139)/(-2 - 2/(-2)). Suppose 15*p + 754 = -596. Let v = w + p. What is the tens digit of v?
4
Suppose -4*i = -r + 1076, 8*i - 3*i = 2*r - 2137. What is the thousands digit of r?
1
Suppose 7*b = b + 1098. What is the tens digit of b?
8
Suppose 4*t - 75 = 5*j - 23, 0 = j - t + 10. Let h = j + 61. What is the units digit of h?
9
Suppose -31*o + 1448 = -3016. What is the units digit of o?
4
Suppose -4*c + 5*r + 17327 = 0, 3*c - 3602 = -3*r + 9373. What is the units digit of c?
8
Let g be 3/36*3*4. Let i be (-1 + 3 - g) + 1. What is the units digit of (2/(-4))/(i/(-36))?
9
Suppose 19*w = 5*x + 15*w - 14601, 4*x = -4*w + 11688. What is the tens digit of x?
2
Let r(b) = 2*b**2 - 11*b + 8. Let f = 20 - 13. Suppose f*y = y + 48. What is the units digit of r(y)?
8
Let b(g) = 2*g + 2. Let m(f) be the second derivative of f**4/12 - 2*f**3/3 - 4*f**2 + 2*f. Let x be m(6). What is the tens digit of b(x)?
1
Let n(f) = -14*f + 1. Let p = -14 + 16. Suppose -3*g = p*g + 5. What is the tens digit of n(g)?
1
Suppose -5*q + 124 - 4 = 0. What is the units digit of -1*-2*(-4)/q*-237?
9
What is the hundreds digit of 201492/180 - 4/10?
1
Suppose x - 4*t = 9, -x = t - 3*t - 17. What is the tens digit of 3*(x + -2) - 2?
6
Let k = 278 - -15. Suppose 4*b = -3*s + 5*b + k, 0 = -5*s + 3*b + 495. What is the units digit of s?
6
Let v = -835 - -1277. What is the units digit of v?
2
Let z = -2 - -12. Let k be ((-4)/14 - 612/63)*-8. Suppose k + z = 5*i. What is the units digit of i?
8
Let q = -1 + 1. Suppose 4*r = 4*h - 0*h + 12, 4*r + 2*h = 12. What is the units digit of q + 4 + -2 + r?
5
Suppose -w + 5*x = -5*w - 12, 3*w + 2 = -2*x. Let a = w + -1. What is the units digit of a*8*9/3?
4
Let c = 5 + -6. What is the tens digit of (-13 + (c - -1))/(-1)?
1
Let w = 3627 - 1633. What is the hundreds digit of w?
9
Suppose 61*c - 13032 = 53*c. What is the units digit of c?
9
Suppose 0 = 45*u + 6*u - 266781. What is the hundreds digit of u?
2
Suppose 2276 = 4*k + 4*u, -5*u = -u + 20. Suppose 7*p - k = 343. What is the hundreds digit of p?
1
Suppose 848 = d + 5*o, 0 = 4*d + 5*o - 1449 - 1958. What is the hundreds digit of d?
8
Let j be 3/3 - -1*3. Suppose 5*l - 4*z + z - 131 = 0, 3*z = j*l - 103. What is the tens digit of l?
2
Suppose -6*f = -5*a - 2*f + 1164, 0 = -f + 4. Let x = 509 - a. What is the hundreds digit of x?
2
Suppose -4*d = 4, -5*l + 6*l + d = 337. Suppose -5*f - 4*m + 442 = 0, -4*f = -0*m - 2*m - l. What is the tens digit of f?
8
Let c(i) = -i**3 + 20*i**2 - 14*i - 35. Let q be c(19). What is the tens digit of ((-1236)/q)/((-2)/10)?
0
Let q(m) = -6*m + 3. Let b be q(4). What is the units digit of b/(-35) + 317/5?
4
Let q(y) = 10*y**2 + 21*y + 35. What is the hundreds digit of q(-8)?
5
What is the tens digit of (-7)/(21/(-765)) - -3?
5
Let g(y) = y**2 + y + 1. Let m(v) = -v**3 - v**2 + 13*v + 2. Let c(w) = -3*g(w) + m(w). Let a be c(-7). Suppose 7*s - 5*s = a. What is the units digit of s?
8
What is the tens digit of 28/154 + (-8259)/(-11)?
5
Suppose 0 = -563*p + 570*p - 32564. What is the tens digit of p?
5
Let f = 3348 - 2279. What is the units digit of f?
9
Suppose 3*z - 22 = s + 7*z, 2*s - 11 = 3*z. What is the units digit of 1 - s - (14 - 130)?
9
Let r = 64 - 31. Suppose 9*g = 12*g - r. Let t = 25 + g. What is the units digit of t?
6
Suppose n - 50 = 432. What is the units digit of n?
2
Suppose -14*p + 9*p = 0. Suppose 6*w - 354 = -p*w. What is the units digit of w?
9
Let d = 103 + -76. Let i = 0 + d. What is the tens digit of i?
2
Let r = -215 - -549. What is the units digit of r?
4
Suppose -23*x - x = -76392. What is the tens digit of x?
8
Suppose 0 = -2*i + 446 + 292. What is the tens digit of i?
6
Suppose -y + 80 = -4*m + 4, 0 = -5*m - 5. Suppose 2*z + 4*g - 578 + y = 0, 6 = 3*g. What is the tens digit of z?
4
Let z = 1525 - 859. What is the hundreds digit of z?
6
Suppose c - 2826 = -d, -5661 = -9*c + 7*c + d. What is the thousands digit of c?
2
Suppose z - 4*n = 5*z - 2260, 4*n = -z + 550. Suppose -5*m = -0*m - z. Suppose 0 = 4*o + 14 - m. What is the units digit of o?
5
Let s(b) be the first derivative of -b**3/3 - 11*b**2/2 - 10*b - 1. Suppose 0 = 6*y + 40 + 8. What is the tens digit of s(y)?
1
Let m(s) = 2*s**2 - 14*s - 3. Let t = 20 + -13. Let q be m(t). Let c = 26 - q. What is the units digit of c?
9
Suppose 5*k + 20 = 0, 0*k - 784 = -4*q - 4*k. Let v = q - 110. What is the tens digit of v?
9
Let z(v) = -v**3 + 14*v**2 - 9*v - 19. Let k be z(13). Let p = -37 + k. What is the tens digit of p + 0 - (-31 + 1)?
2
Let z = -25 - -671. What is the hundreds digit of z?
6
Suppose 76*v - 65 = 71*v. What is the units digit of v?
3
Suppose 3247 = 6*m - 1607. What is the units digit of m?
9
Suppose 0 = 7*g - g - 762. Let i = -52 + g. What is the units digit of i?
5
Let z = 4 + -57. Suppose 10*f - 925 = 215. Let d = f + z. What is the units digit of d?
1
Suppose 0 = 4*y - 13 - 3. Suppose 5*s = 2*p + 18, -p - 15 = -5*s + s. Let g = s + y. What is the units digit of g?
8
Let l = -194 + 286. What is the units digit of l?
2
Let n be -2 + 1 + -7 + 0. What is the units digit of -1 + n/(-20) + (-8)/(-5)?
1
Suppose 876 = -3*o + 7*o. Suppose -o = -3*j - 2*x, 2*j - 132 + 2 = 4*x. What is the units digit of j?
1
Suppose 5*b - 4*z = 22870, 3*z = -4*b - 0*z + 18265. What is the thousands digit of b?
4
Suppose a = 3*a, 3*a = 2*c - 2130. What is the hundreds digit of c?
0
Let w = 7 - 3. Suppose y - 148 = -w*s + 2*y, s = 5*y + 37. What is the units digit of s?
7
Suppose 3*z = 5*z - 40. Let x = -4 + 19. Let i = z - x. What is the units digit of i?
5
Suppose -6*f = 324 - 372. Let k = 2 - 0. Suppose 58 = 2*b + 3*b - 2*r, f = k*b + 3*r. What is the units digit of b?
0
Let c be (20/15)/(2/(-3)). What is the tens digit of 1113/7 + -8 - c/(-2)?
5
Suppose -2*o + 10 = 0, -4*o = 3*j - 102 - 158. Suppose -t - 2 = -j. What is the tens digit of t?
7
Let z = -52 + 27. What is the tens digit of (-10)/z + 490/25?
2
Let s(z) = -15 + 23*z + 4*z**2 - 33*z + 5. What